x) = x - 1. Let y be a(1). What is the hundreds digit of 4540*(y + (-5)/(-20))?
1
Suppose 6*q - 8 = 2*q + 4*m, -5*q + 10 = m. Let g(n) = 4*n - 4*n + q*n + 2*n - 20. What is the tens digit of g(9)?
1
Let f(r) = -3 - r**3 + 0*r**3 - 667*r**2 + 674*r**2 - 6*r. Let z be f(6). What is the units digit of ((-87)/z + -3)*36/6?
6
Suppose 9353758 - 1609109 = 119*h - 11533. What is the hundreds digit of h?
1
Let s be (-48)/(6/(-220) + 0). Suppose -6*z + 3178 = -s. What is the units digit of z?
3
Suppose 0 = 20*j + 3*j - 15088. Suppose -2*p + j = -44. What is the units digit of p?
0
What is the ten thousands digit of ((-290770)/15 - -2)/((-28)/21)?
1
Suppose -c - 4*a + 0 = -6, -5*c + 3*a + 145 = 0. Suppose -84 = 22*m - c*m. Suppose m*w = 19*w + 76. What is the units digit of w?
8
Suppose -6*y + 53 + 7 = 0. Suppose y*t - 2157 = 7*t. What is the units digit of t?
9
Suppose x = -21 + 25. Suppose -29 = -5*z - x, 5*z = n + 55. What is the units digit of -2 + (-3 - -3) - n?
8
Suppose 188855 + 92665 = -104*k + 122*k. What is the thousands digit of k?
5
Suppose -5*b + 2*f - 2698 = -7*b, -5396 = -4*b - 2*f. Suppose 4*x - b + 481 = 0. What is the tens digit of x?
1
Let o = 86 + -78. Suppose 41*g + o = 43*g. Suppose 2 = -g*n + 654. What is the units digit of n?
3
Suppose -y - 8 = 5*o, 2*o + 6 = -5*y + 12. Let h be -9 - -8 - (y/(-1))/2. Suppose -2*c + h*c + 170 = 0. What is the units digit of c?
5
Let h(u) = -21*u + 6*u**2 - 105*u**3 + 101*u**3 + 5*u**2 - 7*u**2 - 85 + 2*u**2. What is the tens digit of h(-5)?
7
Let j(q) = 229*q**2 - 34*q - 6. Let k be j(4). Let n = k - 2499. What is the units digit of n?
3
Let h(c) = 8*c + 32. Suppose -16 = -150*x + 154*x. Let g be h(x). Suppose 4*n - 264 = 4*d, n = -g*n + 2*d + 67. What is the units digit of n?
5
Suppose 2*u + 292 = 292. Suppose u = -10*l + 7396 - 786. What is the tens digit of l?
6
Let h = 431 + -470. Let t = 1573 + h. What is the hundreds digit of t?
5
Let i(s) = s**3 - 8*s**2 - 11*s + 20. Let c = 76 - 67. Let n be i(c). What is the units digit of n/(-11) + 0 + (-2103)/(-11)?
1
Let u(z) = z**3 - 5*z**2 - 2*z + 70. Let b be u(21). What is the units digit of ((-110)/(-33))/10 + b/6?
1
What is the tens digit of (-3)/(-2)*202376/123?
6
Suppose 4*z - 631 = -5*o - 0*o, 4*o + 3*z - 504 = 0. Let q = 292 - o. What is the tens digit of q?
6
Suppose 4*g - 27129 = -5*r, -3*g + 12872 = -5*r - 7466. What is the thousands digit of g?
6
Suppose -45*j + 497447 - 437896 = -3293129. What is the ten thousands digit of j?
7
What is the ten thousands digit of (705420/(-225))/(3 + (-64)/20)?
1
Let m be 63/(-12) + (-9)/12 + 6. Suppose m = u - 5*g - 463, -4*u - 732 = 4*g - 2704. What is the units digit of u?
8
Suppose 0 = -2*r + 17*y - 18*y + 2639, 3*y = -r + 1332. What is the thousands digit of r?
1
Suppose 244 = 2*j + 10. Let c = -35 + j. What is the units digit of c?
2
Suppose -8*d - 16 = -48. Suppose -50*w + 52*w - d = 0. What is the units digit of (3 - 7) + w - -46?
4
Let k(w) = 4*w**3 + 23*w**2 - 17*w + 9. Let q(n) = 7*n**3 + 45*n**2 - 32*n + 17. Let y(c) = -5*k(c) + 3*q(c). What is the tens digit of y(-20)?
2
Let x be (-15)/6*2334/(-15). Suppose y + x - 1111 = 0. What is the units digit of y?
2
Let p(a) = 2*a**3 - 2*a**2 + a - 1. Let o be p(1). Suppose 12*k + 3*k - 15900 = o. What is the hundreds digit of k?
0
Suppose -q = -215 - 295. What is the units digit of q - (-1 + (-6 - -4))?
3
Let f(a) = 5*a**2 + 135*a + 737. What is the tens digit of f(-6)?
0
Let q(c) = 0 - 15*c - 1 + c**3 + 5*c**2 - 2. Let k be q(-7). What is the tens digit of (k/3 - 0)/(4/282)?
9
Let w be (-4)/(-2) + (4 - 3*8). Let h(d) = -d**3 - 15*d**2 - 9*d - 16. What is the thousands digit of h(w)?
1
Let p be (3/4)/3 + 11622/104. Suppose 0 = 97*r - 96*r - p. What is the hundreds digit of r?
1
Let u = 0 + 26. Let h(s) = s**2 - 19*s + 136. What is the hundreds digit of h(u)?
3
Let a be -5 + 3 + 42/(-3). Let f = 103 - a. Suppose -11*u + 350 = f. What is the units digit of u?
1
Let t be (-30)/(-45) + (-6)/(-18). What is the tens digit of 1180/3 + t - (-36)/54?
9
Suppose 121*t - 680544 = 104*t. What is the ten thousands digit of t?
4
What is the tens digit of (4998 - -12) + -13 - 12?
8
Let r be -71 - -74 - ((-2)/(-2) - -31). What is the tens digit of (-5)/(-1) - 2 - (-69 + r)?
0
Suppose -123 = z + 1392. Let m = -2245 - z. What is the tens digit of 1/(m/(-2506) + 10/(-35))?
7
Let p(k) = -7*k - 5*k + 5*k + 3*k**2 + 30 + 5*k**2. What is the tens digit of p(-6)?
6
What is the thousands digit of (27/18 - 3)*2/(-5)*34495?
0
What is the thousands digit of (12/(-7)*3)/(21/(-64582))?
5
Suppose 44449 = 4*k + 21459 - 55646. What is the thousands digit of k?
9
Let g(k) = -4*k - 55. Let t be g(-12). What is the units digit of ((-1)/4)/(t/504)?
8
Suppose 2956 = i + 17*b - 22*b, 4*i - 11736 = -2*b. What is the thousands digit of i?
2
Let d = 238 + -144. What is the tens digit of 4 + (-16)/8 + d?
9
Let b(r) = r**3 - 5*r**2 - r - 33. Suppose 16*x - 224 = -12*x. What is the units digit of b(x)?
1
Let y(p) = -p**2 + 13*p - 25. Let i be y(6). Suppose 19*v - 3384 = i*v. What is the units digit of v?
2
Let g = 32057 - 19093. What is the tens digit of g?
6
Suppose 0 = -29*q + 25*q + 8. Suppose 26 = v + q*y - 0, 4*y - 106 = -5*v. What is the units digit of v?
8
Suppose -m = -3*p - 181, -7*p = -9*p + 4. Let q = m - 144. What is the tens digit of q?
4
Let x be 93*4/(-84)*-7. Suppose -26*c = -x*c + 2960. What is the units digit of c?
2
What is the units digit of (5015/236)/(-2 - 18/(-8))?
5
Suppose -10*v + 9352 = -60668. Suppose 16*w = -2*w + v. What is the hundreds digit of w?
3
Let z = -11777 - -18583. What is the units digit of z?
6
Suppose 5*l = 45, -4*l + 96547 + 11660 = 3*m. What is the hundreds digit of m?
0
Suppose -154*w + 1697646 = -72*w. What is the hundreds digit of w?
7
Let d = -83 + 31. Let f = d + 54. Suppose 5*t - 5*m = 4*t + 116, -5*m = f*t - 292. What is the tens digit of t?
3
Let t be ((-7)/((-84)/9))/((-3)/(-1068)). Suppose -t = -g + q, 5*q + 71 + 188 = g. What is the tens digit of g?
6
Let a = 41192 - 25369. Suppose 4*s = t - 3675 + a, 4*s - 12172 = -5*t. Suppose 0 = 7*u + 7*u - s. What is the hundreds digit of u?
2
Let u(t) = -t**3 + 18*t**2 + 15*t + 28. Let g(f) = 2*f**3 - 35*f**2 - 31*f - 55. Let m(s) = -4*g(s) - 7*u(s). What is the tens digit of m(14)?
9
Let j(l) = 9*l**2 - 3*l - 1997. What is the hundreds digit of j(-67)?
6
Let y = 5756 - 3782. What is the thousands digit of y?
1
Suppose 0 = o + l + 2, -4*l + 35 = -4*o + l. Let w(b) be the first derivative of -9*b**2/2 + 25*b + 2. What is the units digit of w(o)?
0
Let k(s) = s**3 - 10*s**2 + 8*s + 5. Suppose -2*v + 5*u + 33 = 0, 3*u - 27 = -4*v - 0*v. Let c be k(v). What is the units digit of c/22 - 2646/(-33)?
0
Let b = 67525 + 4109. What is the units digit of b?
4
Let k(c) = 4*c**3 - 2*c - 1. Let v be k(-1). Let i(y) = 34*y + 18. Let f(w) = -72*w - 35. Let q(u) = 6*f(u) + 11*i(u). What is the units digit of q(v)?
2
Let w = 91865 + -25522. What is the hundreds digit of w?
3
Let k = -12374 - -21702. What is the tens digit of k?
2
Suppose 3*y - 25 = -2*y. Let a(b) be the first derivative of 11*b**3/3 - 5*b**2/2 + 3*b + 5879. What is the units digit of a(y)?
3
Suppose 74 = 5*s - 576. Let q = s - -25. What is the tens digit of q?
5
Let j(m) = -m**3 - 3*m**2 + 3*m + 13. Let p be j(-3). Suppose -p*o + 205 = -g, -o = 4*g - 6*g - 53. What is the tens digit of o?
5
Let p = -4201 + 10251. What is the thousands digit of p?
6
Let p(x) = -14*x - 80. Let u be p(-6). Let r(g) = 38*g**2 - 40*g + 10. What is the units digit of r(u)?
8
Suppose o = -2*v + 3*v + 2741, -5477 = -2*o + 3*v. Let x = o - 1943. What is the tens digit of x?
0
Let p(x) = -x**3 - 72*x**2 + 129*x - 1463. Let u be p(-74). Let r = 283 - 195. Let i = r + u. What is the tens digit of i?
3
Suppose 32 = 2*l - 5*n - 83, 3*l + 4*n = 138. Suppose 12540 = 8*c + 106*c. Suppose 0 = g + l - c. What is the tens digit of g?
6
Let q(j) = -8*j**2 + 19*j + 7. Let y be q(6). Let b = y + 347. What is the hundreds digit of b?
1
Let d(b) = b**3 - 19*b**2 + 19*b + 22. Suppose f - 5*f = 4*k + 312, 0 = 5*f + 4*k + 385. Let a be f/(-4) - (-2)/(-24)*3. What is the tens digit of d(a)?
4
Let a(d) = -2221*d - 3968. What is the units digit of a(-9)?
1
Suppose 124050 = 74*x - 339708. What is t